5*m + 132 = 0. What is the remainder when 1614 is divided by l?
46
Suppose 8 = 5*k - 32. Let l(h) = -9*h + 5*h**2 + 15 - 17 + 24*h - h**3. What is the remainder when k is divided by l(7)?
3
Suppose 32 = 2*l - 218. Let r(m) = m**3 + 4*m**2 - 14*m - 37. Calculate the remainder when l is divided by r(-4).
11
Let c be 3 - -2 - (-2 + 3). Suppose -4*t + 40 = -c*n, 4*t + 0*n - 43 = 3*n. Suppose -18*v = 2*v + 6*v - 624. Calculate the remainder when v is divided by t.
11
Let f = -165 - -215. Let s be (3/(-2))/(27/(-90)). Suppose -2*n - 4*x = -34, s*n = 3*x - 47 + 132. Calculate the remainder when f is divided by n.
16
Let v(n) = n**3 - n**2 - 5. Let p be v(0). Let m be 148/5 - (-3)/p. Let x = m + -18. What is the remainder when 21 is divided by x?
10
Let i(k) = -k**2 - 45*k. Let d(l) = 8*l. Let a(q) = 5*d(q) + i(q). Let o(p) = p**2 + 6*p + 1. Let r be o(-5). What is the remainder when a(r) is divided by 1?
0
Let j be 3 - (4 - ((-9)/(-3) - 0)). Suppose -1 = -v - x - 2, j*v = 4*x + 22. What is the remainder when (-2852)/(-69) - 1*2/6 is divided by v?
2
Let p(m) = -m**3 - 26*m**2 - 71*m - 43. Let v be p(-23). Suppose 5*r + 5 = -5*s, 0 = v*s - s + r - 2. Calculate the remainder when 11 is divided by s.
2
Suppose 13*y + 5*k - 265 = 0, y - 3*k = k + 16. Calculate the remainder when 2098 is divided by y.
18
Suppose -5*g - 4*i = -313, -48 = -3*g + i + 150. Calculate the remainder when 295 is divided by g.
35
Let h(u) be the third derivative of u**5/30 + 43*u**4/24 + 71*u**3/6 + 5*u**2 + 7*u. Calculate the remainder when 249 is divided by h(-21).
49
Let q(v) = -v**2 - 11*v + 5. Let d be q(-6). Suppose -n - 2*n + d = t, -5*t = -3*n + 41. What is the remainder when (-4 + n/4)/((-1)/82) is divided by 14?
12
Let m(b) = b**2 - 5*b - 18. Suppose -2*n - 2 = 0, 2*k + 5*n = 2*n + 1. Suppose k*j = -4*j + 48. What is the remainder when m(j) is divided by 3?
0
Suppose -4*w - 5*h = -w - 898, -2*w - 4*h + 596 = 0. Suppose 50 = 4*c - w. Calculate the remainder when c is divided by (1*2/4)/(5 - (-6412)/(-1288)).
20
Let r be ((-10)/(-30)*102)/(2/1). Suppose 5 = 2*l - r. Calculate the remainder when l is divided by 8.
3
Let d(j) = -9*j + 117. Let f be d(17). What is the remainder when 115 is divided by (f/3)/(-4)*13?
37
What is the remainder when 193 is divided by (874/(-57))/23*-159?
87
Suppose -1685*h + 1689*h + p - 2161 = 0, -3*h + 1629 = -2*p. What is the remainder when h is divided by 38?
9
Suppose 4*k - 15 = -2*f + f, 5*f = -3*k + 143. Let c be 4 + (-5)/(1 - 0) + -234. Let o = -227 - c. Calculate the remainder when f is divided by o.
7
Suppose 5*v + 0*b + 114 = 2*b, -2*v = 4*b + 60. Let w = 23 + v. Let u(y) = -58*y + 1. Calculate the remainder when u(w) is divided by 31.
28
Let s be ((552/(-14))/6 - -4)*532. Let y = s - -2732. Calculate the remainder when y is divided by 91.
90
Let y(h) = -2*h**2 - 87*h - 93. What is the remainder when y(-38) is divided by 100?
25
Let x be -4 + (0 - (29 - 4)). Let a = 87 + x. Let o = 4 + 8. Calculate the remainder when a is divided by o.
10
What is the remainder when 852 is divided by 7 + 34 + 15 + 10?
60
Let s = -3566 - -3663. Calculate the remainder when 1745 is divided by s.
96
Suppose 2*z + 122 + 1160 = 6*r, 637 = 3*r + z. Calculate the remainder when 447 is divided by r.
21
Let z = 14833 + -14763. Calculate the remainder when 312 is divided by z.
32
Suppose -3*u = 5*x - 81, -x + 35 = 3*u - 34. Let s = 133 + -130. Suppose -2*j = 2*p - p + 2, -s*p - 5*j = 2. What is the remainder when u is divided by p?
4
Let c(f) = f**3 + 6*f**2 - 6*f + 10. Let v be (-25 + 3)/2 - (-5 - -1). Suppose 3*o + 2*o = 30. What is the remainder when o is divided by c(v)?
0
Let v(a) = 3*a + 972. Calculate the remainder when v(-32) is divided by 80.
76
Suppose 4938 + 5735 = 34*k - 9013. Calculate the remainder when 1743 is divided by k.
6
Let l = 16818 - 16788. Calculate the remainder when 7499 is divided by l.
29
Let i = 3344 - 3316. Calculate the remainder when 727 is divided by i.
27
Suppose -19*t - 2001 = 9000. Let y = -520 - t. What is the remainder when 353 is divided by y?
58
Suppose 220*g - 222*g + 5*c + 21084 = 0, -42252 = -4*g - 4*c. Calculate the remainder when g is divided by 66.
63
Suppose -231*f + 620*f - 72354 = 0. Suppose -2*t = -3*t + 27. Calculate the remainder when f is divided by t.
24
Let y(z) = -6*z + 6. Let c be y(-1). What is the remainder when (-6)/c*-62*3 is divided by 28?
9
Let z = 114 + -107. Let d be ((-3)/(-9))/(z/21). What is the remainder when 154 is divided by (16/(-20))/(d + (-64)/60)?
10
Suppose -1192814 - 634916 + 594748 = -243*m. Calculate the remainder when m is divided by 33.
25
Let d = -758 + 1539. Let o = 113 + d. What is the remainder when o is divided by 16?
14
Let i(x) be the first derivative of -x**4/4 - 14*x**3/3 - 7*x**2 + 16*x + 2. What is the remainder when ((-16)/(-32)*43)/((-1)/(-4)) is divided by i(-13)?
28
Let k = 16 - -27. Let t be 14510/100 - (-3)/(-30). Let j = -123 + t. Calculate the remainder when k is divided by j.
21
Let k = -122 + 122. Let f(t) = -t**2 + 11. Calculate the remainder when ((-6)/9 - k) + 95/3 is divided by f(0).
9
Suppose -z - 60 - 51 = 4*u, 4*z = -4*u - 108. Suppose -3*q = -5*c - 145, 4*q - 40 = 4*c + 140. What is the remainder when 21 is divided by 14/(-4)*q/u?
1
Suppose 0 = q - 19 - 29. Suppose -767*b - 6401 + 46453 = 525*b. Calculate the remainder when q is divided by b.
17
What is the remainder when (139/(-7))/((12/24)/(14/(-4))) is divided by 57?
25
Let q be (1/(-2))/(2/(-44)). Suppose q = t - 6. Calculate the remainder when (37 + -38 - (-123)/6)/((-6)/(-20)) is divided by t.
14
Let z = -21442 + 30417. Calculate the remainder when z is divided by 12.
11
Suppose 0 = -2*o + 5*n + 56, 2*o + 7*n - 9*n = 62. Suppose 2*c + c = 390. Calculate the remainder when c is divided by o.
31
Let k(s) = 2*s**3 + 107*s**2 - 70*s - 861. Calculate the remainder when k(-54) is divided by -1 + 4 - 0/3.
0
Suppose 2*g + g - 35802 = 0. Suppose 0 = -7*x - 206 + 388. What is the remainder when g/66 + 4/22 is divided by x?
25
Let t = -2 - -13. Suppose 232 = 3*p - 5*u, -9*p + 6*p - u + 238 = 0. Suppose -2*y = 27 - p. Calculate the remainder when y is divided by t.
4
Let a(w) = 189*w**3 - w**2 - w + 1. What is the remainder when a(1) is divided by (4/(-3))/(61/(-2928))?
60
Let n(o) = -o**3 + 11*o**2 + 19*o - 96. What is the remainder when n(-14) is divided by 89?
88
Let k be 3741/15 + 26/(-65). Suppose -k = -5*y - 4*l + 19, 0 = y - l - 59. What is the remainder when 96 is divided by y?
40
Let r be (-22)/(-66)*(1 - 1). Suppose 0*b - 14*b + 3178 = r. Let u = b - 125. What is the remainder when u is divided by 26?
24
Let v be ((-9)/(-5))/((-87)/(-1450)). Suppose 4*w = 221 - 49. What is the remainder when w is divided by (v/(-120))/((10/(-88))/5)?
10
What is the remainder when 619 is divided by 1102/6 - (6 + 110/(-15))?
64
Suppose 3*f = 5*f - 4. Suppose 2*p - p = -f*p. Suppose -5*m + 86 + 119 = p. Calculate the remainder when m is divided by 14.
13
Suppose -5*q - 20 = 5*o, 4*o - 2*q + 40 = -0*q. Let u = o + 29. Suppose 0 = -2*g + 3*t + 65, 76 + 139 = 5*g + 3*t. What is the remainder when g is divided by u?
19
Let k(b) = b**3 + 9*b**2 - 5*b - 57. Let d = 620 - 626. What is the remainder when k(d) is divided by 14?
11
Let p = 0 + 1. Let h be (0 - 1/2)/(p/10). Let o(g) = -4*g + 6. Calculate the remainder when 50 is divided by o(h).
24
Suppose 2*k = -2*k + 28. Suppose k = -5*y + 132. Calculate the remainder when (71/(-8))/(13/24 + (-180)/270) is divided by y.
21
Suppose -6*t - 2442 = -63*l + 61*l, 5*t = -30. Calculate the remainder when l is divided by 64.
51
Let b(r) = 2*r**2 - 2*r - 1. Let v be b(-2). Let k(x) = -9*x**2 - 19*x + 8 - 16 + v - x**3 + 7. What is the remainder when 63 is divided by k(-6)?
15
Let r = 1658 + -1650. What is the remainder when 92 is divided by r?
4
What is the remainder when 6103 is divided by (-11 - 9)/((-56)/364)?
123
Let c(j) = -j**2 - 47*j + 1244. What is the remainder when c(17) is divided by 18?
12
Suppose -2*m + 5*k = -1137, -m - 17 = -2*k - 586. What is the remainder when m is divided by 121?
87
Suppose -3*d + 2*y + 46 = 0, 11*d - 2*y - 78 = 6*d. Suppose -2*u = d*u - 216. Calculate the remainder when 95 is divided by u.
11
Let d be 1/((-6)/(-4)) - 1246/(-21). Let x = 183 - d. What